what is 544 + -1070?
-324
In base 5, what is 1 - 2311403?
-2311402
In base 4, what is 0 - -1022112?
1022112
In base 14, what is 0 + d845?
d845
In base 6, what is 1 - -20055?
20100
In base 7, what is -1 + 64413?
64412
In base 2, what is -110011 - 1010110111001?
-1010111101100
In base 2, what is -1101000100 + 100010?
-1100100010
In base 15, what is -10ec27 - -4?
-10ec23
In base 12, what is 7b + 30570?
3062b
In base 12, what is 114341 + 3?
114344
In base 3, what is -1 + -101022212002?
-101022212010
In base 6, what is 234 + 2030?
2304
In base 11, what is 2 - 10365?
-10363
In base 8, what is -13 + 211310?
211275
In base 2, what is -110100011001101111 - 10?
-110100011001110001
In base 5, what is 0 + 212111?
212111
In base 10, what is -4 + -118844?
-118848
In base 6, what is 40411 - -34?
40445
In base 13, what is -1041 + -24?
-1065
In base 16, what is -3 + 25ed0?
25ecd
In base 3, what is 12 + -11001220?
-11001201
In base 12, what is -2 + 4173b?
41739
In base 10, what is -23 + 98217?
98194
In base 14, what is -6 + 9c6?
9c0
In base 11, what is -4 + -168596?
-16859a
In base 2, what is 11110101010100 + -1001?
11110101001011
In base 3, what is -1101102002111 - -12?
-1101102002022
In base 12, what is 2 + -186a?
-1868
In base 16, what is -861b + 1?
-861a
In base 12, what is -187 - 4582?
-4749
In base 2, what is -111100101010000 - 101?
-111100101010101
In base 16, what is 0 + 1d54e?
1d54e
In base 3, what is -1120212 + -11110?
-1202022
In base 16, what is 10975 - 2?
10973
In base 6, what is -20451025 - 4?
-20451033
In base 7, what is 4 - 115403?
-115366
In base 6, what is 14211131 + -3?
14211124
In base 10, what is -3 - -17724?
17721
In base 7, what is -3463 - 24?
-3520
In base 12, what is -17383 - 6?
-17389
In base 16, what is a1 + df?
180
In base 11, what is -186a + -2119?
-3988
In base 7, what is -2 - -514520?
514515
In base 16, what is 2114 - -7?
211b
In base 6, what is -1 - -251415?
251414
In base 12, what is 6676 - 28?
664a
In base 13, what is -1161 - 78?
-1209
In base 8, what is 247 - -63?
332
In base 6, what is 1401444 + -3?
1401441
In base 4, what is -101122210 - 11?
-101122221
In base 15, what is -8a3d5c + 2?
-8a3d5a
In base 14, what is -388a0 + 7?
-38897
In base 10, what is 202009 - 23?
201986
In base 15, what is 15 - -4ce?
4e4
In base 13, what is -1880 - 254?
-1b04
In base 15, what is -2 + -107bc?
-107be
In base 10, what is 2 + -4959?
-4957
In base 2, what is -100100110011101001000100 - -11?
-100100110011101001000001
In base 5, what is -12 + -4242?
-4304
In base 6, what is 154345 - 10?
154335
In base 8, what is 373361 + -3?
373356
In base 2, what is -11100011100101010110 - 0?
-11100011100101010110
In base 7, what is -206 - -3026?
2520
In base 14, what is 103 - -b4?
1b7
In base 5, what is 10121340 - -23?
10121413
In base 11, what is 28376 - a?
28367
In base 6, what is -151 - 1112?
-1303
In base 4, what is 20323121 + -1?
20323120
In base 2, what is -111001 - 10110?
-1001111
In base 5, what is 310024 - 220?
304304
In base 6, what is -13034 + 133?
-12501
In base 13, what is -9 + 1274a?
12741
In base 16, what is 9fd - 1d0?
82d
In base 11, what is -585260 + 4?
-585257
In base 7, what is -4 - -554453?
554446
In base 11, what is -2 + 45546?
45544
In base 5, what is 10 + 20030211?
20030221
In base 3, what is 21221200100 + -11?
21221200012
In base 3, what is 0 + 1011?
1011
In base 8, what is 1223 - -1563?
3006
In base 9, what is 5836401 + -3?
5836387
In base 10, what is 25 - 3050?
-3025
In base 15, what is -280 + -62?
-2e2
In base 4, what is 1002302 - 10?
1002232
In base 11, what is 377 - 431?
-65
In base 8, what is -121 - -4535?
4414
In base 6, what is -5153 - -1343?
-3410
In base 13, what is -a297 - a?
-a2a4
In base 15, what is -3 - 41cd5?
-41cd8
In base 15, what is -3 - -7706e?
7706b
In base 4, what is -13 + -112010130?
-112010203
In base 3, what is -11 - -1002202211?
1002202200
In base 11, what is -205843 + -1?
-205844
In base 10, what is -1 - 128823?
-128824
In base 10, what is 6 - 137718?
-137712
In base 15, what is -3dd8a - 0?
-3dd8a
In base 3, what is 10 - 11220120022?
-11220120012
In base 6, what is 10 - -20212?
20222
In base 15, what is 319b + 3?
319e
In base 5, what is -14032 - -404?
-13123
In base 16, what is -399f6 - 2?
-399f8
In base 14, what is 1399 + 64?
141d
In base 11, what is -24221 - -13?
-24209
In base 14, what is -641 - 3?
-644
In base 2, what is 1111 + -1110001011?
-1101111100
In base 14, what is -2c8 - 7?
-2d1
In base 4, what is 1100 + -12012323?
-12011223
In base 15, what is -23 - -640c?
63d9
In base 13, what is 15907 - 4?
15903
In base 3, what is 2212 + -20111020?
-20101101
In base 2, what is 111000 + -11100001?
-10101001
In base 8, what is 2625103 - -1?
2625104
In base 6, what is -13 + -225533?
-225550
In base 4, what is -10 + -320123312?
-320123322
In base 11, what is -9633 - 9?
-9641
In base 3, what is -10022 - 102102?
-112201
In base 5, what is 4 - 12244444?
-12244440
In base 2, what is -10110010101110111 + -101?
-10110010101111100
In base 11, what is 2828 + 58?
2885
In base 2, what is 10000000000011100 + -1?
10000000000011011
In base 11, what is -197554 - -1?
-197553
In base 6, what is 2233 + -30020?
-23343
In base 3, what is -21021200 - -20?
-21021110
In base 6, what is -1305024 + -1?
-1305025
In base 11, what is -24 + 7a1?
778
In base 14, what is -3 - b533?
-b536
In base 10, what is -37184 - 2?
-37186
In base 11, what is -7a812 - -2?
-7a810
In base 11, what is 1103 - -71?
1174
In base 11, what is 4730 - 2?
4729
In base 4, what is -3 + -2212100?
-2212103
In base 9, what is 2886 - 2617?
268
In base 8, what is -2 + -15166?
-15170
In base 14, what is 5 - 6959?
-6954
In base 2, what is -101 - -100110001101110?
100110001101001
In base 15, what is -6b - -3b2?
346
In base 10, what is -71 - 9843?
-9914
In base 7, what is 21044 - -302?
21346
In base 11, what is 9 + 77618?
77626
In base 12, what is 1aa72 + -4?
1aa6a
In base 2, what is 1111011100 + -10111011?
1100100001
In base 9, what is 264 - -10455?
10730
In base 13, what is -160996 - 2?
-160998
In base 4, what is 203 - 1133?
-330
In base 6, what is 3 - -202041?
202044
In base 14, what is -1858 + -1?
-1859
In base 4, what is -1 - -1010233?
1010232
In base 3, what is -10210011212 - -22?
-10210011120
In base 15, what is -e + d7?
c8
In base 11, what is -345 + -24?
-369
In base 2, what is -11001101011 - -10000011?
-10111101000
In base 8, what is -2251070 + -5?
-2251075
In base 12, what is 31 - 69?
-38
In base 7, what is -230 + 305?
45
In base 2, what is -110110100001 + 100?
-110110011101
In base 2, what is 1001110011 + 10010110010111?
10100000001010
In base 13, what is -125 - c1b?
-1043
In base 13, what is a + -1a44?
-1a37
In base 3, what is 100 - -22000110?
22000210
In base 6, what is 205 + -14201?
-13552
In base 14, what is 16 - -9184?
919a
In base 5, what is -4241 - -300?
-3441
In base 11, what is 1a797a + 3?
1a7982
In base 13, what is 3c3 - 20?
3a3
In base 8, what is -210 - -70564?
70354
In base 11, what is -125368 - -5?
-125363
In base 5, what is 14 + -430241?
-430222
In base 13, what is 46aa + -4?
46a6
In base 10, what is -58 + -837?
-895
In base 16, what is 66ee + 2?
66f0
In base 3, what is 1001201221 + 1?
1001201222
In base 7, what is -22644 + 3?
-22641
In base 11, what is -2a + -4251?
-4280
In base 3, what is -121 + 122100022?
122022201
In base 2, what is 111100010 - 11000000111?
-10000100101
In base 13, what is 121678b + -3?
1216788
In base 4, what is 10 - -1201303211?
1201303221
In base 6, what is 221 - -5040?
5301
In base 4, what is -2 + -11033103011?
-11033103013
In base 4, what is -2311210 - 103?
-2311313
In base 6, what is -21 - 21550?
-22011
In base 15, what is -9dc - 76?
-a63
In base 11, what is 326 - 29?
2a8
In base 12, what is 2 + -1334b6?
-1334b4
In base 15, what is 4ce5 + 18?
4d0d
In base 3, what is 100 - -11220201102?
11220201202
In base 12, what is 358 + ab?
447
In base 15, what is -4 - 276e?
-2773
In base 16, what is 2 - -39684?
39686
In base 3, what is -110 - 1010202211000?
-1010202211110
In base 2, what is -100110000000 + -1100000?
-100111100000
In base 8, what is 370 - -133?
523
In base 3, what is 11120 + -20112221?
-20101101
In base 12, what is 5932 + 26?
5958
In base 7, what is -464110 - -66?
-464011
In base 10, what is 67 - 1661?
-1594
In base 4, what i